 = v - -2. Suppose -4*b + 2 = -r*h - 0*h, -3*b + 6 = 0. What is o(h)?
4
Let p(y) = -64*y - 29. Let g(s) = -32*s - 15. Let b(m) = -7*g(m) + 4*p(m). Let v(i) = -11*i - 4. Let z(k) = 3*b(k) - 8*v(k). Calculate z(1).
-9
Let f be 4*2*2/(-8). Let s be -2 + (-2 - 2)/f. Let c(k) = -k - 10. Calculate c(s).
-10
Let q = 2 - -2. Suppose a - 11 = -q*w - 4*a, -4*a = 5*w - 16. Let g(b) be the third derivative of b**5/60 - 5*b**4/24 - b**3/3 - 13*b**2 - 4*b. Calculate g(w).
-6
Let p = -25 + 29. Let m(y) = 3 - p*y - 3 - 2 + 3. What is m(-3)?
13
Let b(q) = -4 + 1 + 1 + 0*q + 2*q. What is b(-5)?
-12
Suppose -2*s + 0*s = 8. Let r(o) = -o**3 - 4*o**2 + 3*o + 5. Calculate r(s).
-7
Suppose g + 0*g - 9 = 0. Suppose -2*i - 4*k + 1 = -g, 0 = i + 4*k - 11. Let f(j) be the second derivative of 7*j**4/12 + j**2/2 - j. Determine f(i).
8
Let t = 29 + -19. Let y be t/3*9/(-6). Let k(q) = -q**3 - 6*q**2 - 5*q + 3. Calculate k(y).
3
Let l(k) be the second derivative of k**3/3 + 3*k**2/2 - 13*k. Determine l(-2).
-1
Suppose -2*k = -k. Let t = k - -2. Let f(h) = -t + h**3 - h**2 - 3 + 3 - 2*h. What is f(3)?
10
Let j(h) = -h**2 + 5*h - 1. Let r = -65 - -70. Calculate j(r).
-1
Let j(r) be the second derivative of r**6/720 + r**5/24 - r**4/6 - r. Let d(k) be the third derivative of j(k). Let u be -7 - 1 - 15/(-5). Determine d(u).
0
Let n be ((-5)/(-15))/((-1)/15). Let z(h) = -h - 5. Determine z(n).
0
Suppose 6 = -3*r, q + 6 = -0*q + r. Let g be 5/(-4)*(4 + q). Let y(d) = d**2 - 7*d + 4. What is y(g)?
-6
Suppose 2 = 3*v - 1. Let g(o) = v + o + 2*o + 3*o. Calculate g(2).
13
Let b(j) = j**3 + j**2 - 3*j + 2. Let n(s) = 2*s**2 - 5*s + 4. Let d be n(2). Calculate b(d).
8
Let r(v) = -3*v - 3. Let m(t) = -6*t - 7. Let i(b) = -6*m(b) + 14*r(b). Suppose -k - 2*k - 3*x - 3 = 0, -3*k - 5*x = 3. Calculate i(k).
6
Suppose -2*q + 16 = 3*q + t, -2*t + 2 = 0. Let n(m) = -m**q + m + 0*m**3 + 2*m**2 - 1 - 4*m**2. Let j(k) = -k**3 - k - 2. Let z be j(0). Determine n(z).
-3
Let b(t) = t - 5. Let c be (-19)/(-5) - (-2)/10. Let z be 85/25 - c/10. Calculate b(z).
-2
Let l(u) = -u**3 + 4*u**2 + 5*u + 1. Let s(r) = -7*r - 2. Let h be s(-1). Calculate l(h).
1
Let i(w) = -w**2 + 9*w + 2. Let r(v) = 2*v**2 - 18*v - 4. Let d(y) = -13*i(y) - 6*r(y). Give d(9).
-2
Let b be (-2)/3*9/(-6). Let h(q) = 3*q - 1. Let n be h(b). Let l(i) = 2 - 3 + n + i. Give l(4).
5
Let i(z) = -z + 3. Let v = 4 - 1. Let y be i(v). Let w(u) = u - 1 + u**2 - 5 - u**3 + 4 - 3. What is w(y)?
-5
Let f(s) = 7*s**3 + 7*s**2 - 8*s + 6. Let l(o) = 6*o**3 + 6*o**2 - 7*o + 5. Let u(p) = 5*f(p) - 6*l(p). Let m = 3 - 5. Determine u(m).
0
Let o(m) = m**2 - 5*m + 1. Let s = 12 + -7. Let t be o(s). Let r(l) = -2*l**3 + l**2 - 2*l + 1. Calculate r(t).
-2
Let q be (1 + -1 - -1)/(3/(-9)). Let z(v) = -2*v**3 - 11*v**2 + v + 13. Let l(y) = -3*y**3 - 16*y**2 + 2*y + 19. Let c(h) = -5*l(h) + 7*z(h). What is c(q)?
5
Let n(z) = -32*z**3 + 15*z**2 + 13*z - 2. Let r(l) = -16*l**3 + 7*l**2 + 6*l - 1. Let v(b) = -6*n(b) + 13*r(b). Give v(1).
-16
Let p(b) = -6*b. Let s be 2 - 3 - (-64 + -1). Suppose 5*j - 10 = 0, j = 3*u - 0*u - s. Let z(g) = g. Let h(t) = u*z(t) + 4*p(t). Calculate h(1).
-2
Let b(l) = -l + 1. Let h(g) = -5*g - 11. Let u(i) = -4*b(i) + h(i). Determine u(0).
-15
Let l = -4 - -2. Let v = l + 0. Let t be 25/5 + 1 + v. Let z(u) = u**3 - 4*u**2 + 2*u - 3. Calculate z(t).
5
Suppose -11 = -4*b + 13. Let f = b + -6. Let x(o) = o**2 + 0*o**2 + o - 4*o**3 + 3*o**3. Give x(f).
0
Let p(m) = 2*m + 13. Let z(d) = -d - 6. Let k(i) = 6*p(i) + 13*z(i). Let a be k(-4). Let h(t) = -t. Let b(c) = -5*c + 3. Let n(q) = b(q) - 4*h(q). Give n(a).
-1
Let g(u) = 3*u**2 - 23*u + 11. Let h(z) = -z**2 + 8*z - 4. Let j(a) = -6*g(a) - 17*h(a). Let p be j(2). Let l(o) = p*o - 4 - 2 + 0*o - 3*o. Calculate l(-3).
-3
Let t(u) = -u. Suppose -b + 3*v = 6*v - 4, 2*b = 2*v. Let c(a) = -6*a - 3. Let g(w) = b*c(w) - 5*t(w). Give g(-3).
0
Let p(b) = -b + 1. Let k(c) = 5*c - 5. Let q(a) = k(a) + 6*p(a). Determine q(6).
-5
Suppose 5*i = 3*i - 2. Let z(m) = 8*m**2. What is z(i)?
8
Suppose 36*j - 24 = 28*j. Let g(w) = w + 1. Give g(j).
4
Suppose 0 = -6*h - 26 - 10. Let c(v) = v**3 + 5*v**2 - 8*v - 9. Determine c(h).
3
Let p = 1 - 5. Let v be p/10 + 18/(-5). Let r be (4/(-8))/(1/v). Let h(o) = o**3 - 3*o**2 + o + 2. Give h(r).
0
Suppose -2 + 14 = 3*n. Let j(x) = 3*x**2 - 2 - 314*x + 320*x + 0*x**3 - x**3. Give j(n).
6
Let d(c) be the first derivative of c**4/2 + 5*c - 5. Let z(n) be the first derivative of d(n). Give z(1).
6
Let h(l) be the second derivative of l**5/20 + l**4/3 - 2*l**3/3 + 2*l**2 + l. Suppose 15 = -3*w + 6*w. Let m = w + -10. What is h(m)?
-1
Let w(q) = -2*q - 2. Let t(p) = -p + 1. Let i(j) = t(j) + w(j). What is i(-2)?
5
Suppose 2*u = -16 + 8. Suppose 0 = -j + 4*j - 3. Let f(v) = v**2 + 6*v + 0*v**2 + j + 4. Determine f(u).
-3
Let i(f) = 6 + 2*f + 3*f - 2 - 7*f. Determine i(4).
-4
Let f be 126/15 - 2/5. Let k(v) = v**3 - 9*v**2 + 8*v + 5. What is k(f)?
5
Let f = -24 - -24. Let w(j) = f - 1 + 2*j + 0*j - j. Let q = -2 + -2. What is w(q)?
-5
Let v(t) = 3*t + 8 + 6*t + 4*t - 14*t. Determine v(6).
2
Let z(q) = -q**2 - 4*q - 3. Let j be z(-5). Let o = -3 - j. Let p(f) = f**2 - 2*f - 7. Calculate p(o).
8
Let y(a) = -a**3 + a - 1. Let n(b) = 6*b**3 + b**2 - 5*b + 11. Suppose 0 = -4*g - 2*p - 2*p - 12, 4*g = 2*p + 12. Let q(t) = g*n(t) + 5*y(t). What is q(0)?
6
Let f(u) be the third derivative of u**5/60 + u**4/6 - u**3/6 - u**2. Let n be (9 - 0) + -1 + 1. Suppose 0 = -2*b - 10, -3*b - n = a - 3*a. Calculate f(a).
-4
Suppose 0 = 5*n - 0*n - 55. Let a(u) = n + 2*u - 8 - 2. Let f(c) = c**3 + c**2 - 2*c - 1. Let x be f(-2). Determine a(x).
-1
Let u be 45/(-10) - (-1)/(-2). Let s(z) be the first derivative of -z**2 - z + 17. Determine s(u).
9
Suppose -y + 10 = y. Suppose t + 0*t = y. Let n(k) = k**3 - 4*k**2 - 5*k - 3. Calculate n(t).
-3
Let q(w) be the second derivative of w**5/20 + w**4/6 - w**3/2 - 2*w**2 + 4*w. What is q(-3)?
-4
Let w(c) = 7 - 2*c - 10 + c. Give w(6).
-9
Let h(c) = -2*c**3 + 2*c**2 - c. Let z = 6 - -1. Suppose z*n + 15 = 4*n. Let i = n + 7. Give h(i).
-10
Let j(p) = -3*p**2 + 1. Let l(h) = -7*h**3 - 7*h**2 - h. Let q(i) = -6*i**3 - 6*i**2 - i. Let c(o) = -5*l(o) + 6*q(o). Let b be c(-1). Determine j(b).
-2
Let i(m) = 0*m**3 - 3*m**3 - m**3 - 7 + 5*m**3 + 7*m**2 + 3*m. Let w(c) = -c**3 - 6*c**2 - 2*c + 6. Let x(b) = 2*i(b) + 3*w(b). Calculate x(-3).
-5
Let t(o) = -o + 2*o + 0 - 4. What is t(2)?
-2
Let b(i) = -i - 1. Let a be b(4). Let n(u) = u**2 + 3*u - 4. What is n(a)?
6
Suppose -2*h + 2 = -2. Suppose -5*i + 25 = c + 4*c, -2*c + 2*i - h = 0. Let m(j) = j + 1. Let n(g) = g + 2. Let w(r) = 2*m(r) - n(r). Give w(c).
2
Let s(i) = i - 5. Suppose 12 - 4 = 4*x, -4*x - 1 = -3*b. Suppose 5*p = -3*n + 23, -b*p - n = -5 - 8. What is s(p)?
-1
Let k(i) be the second derivative of i**3/6 - i**2/2 + 2*i. Suppose -13*o = -18*o. Calculate k(o).
-1
Let q(h) = -69 + 4*h**2 + 68 + 4*h + h**3 - 3*h. Suppose 3*a = 10 + 8. Let p = 3 - a. Calculate q(p).
5
Let h(z) = -3*z - 11. Let u(w) = 7*w + 22. Let r(g) = -9*h(g) - 4*u(g). Let y be r(9). Let p(q) = 7*q - q**3 + 5*q**2 - 2*q**y + 1 - 7. What is p(4)?
6
Let i(b) be the second derivative of -b**4/12 + b**3/3 - b**2/2 - b. Let h = -15 + 25. Let j = 11 - h. Calculate i(j).
0
Suppose 3*s + 2*v + 4 = 3*v, 4*s - 16 = -4*v. Let g(u) = 3*u - u**3 + 5 - 19 - 2*u. What is g(s)?
-14
Let w(n) = 2*n**2 - 7*n + 1 + 0*n**3 - n**3 - n**2 + 7*n**2. Let g be -4*(0/4 - (-7)/(-4)). Give w(g).
1
Let x(b) be the second derivative of -b**5/20 - b**4/6 - b**3/6 - b**2 + 9*b. Determine x(-2).
0
Let b(q) = -q + 3. Let d(i) = -3*i + 2*i + 13*i**2 + 1 - 20*i**2 + 0*i. Let z be d(1). Give b(z).
10
Let n(w) = -2*w. Let l be n(-1). Suppose -5*d + 10 = -g - 2*g, 3*g + d = l. Let o(h) = h**2 + 7. What is o(g)?
7
Let d(z) be the third derivative of z**6/120 - z**5/60 + 10*z**2. Let h = 1 - 0. Give d(h).
0
Let p(f) = 12 + 23 - 36 + 19*f. Determine p(1).
18
Let t(j) be the first derivative of j**5/60 - 5*j**4/24 - j**2 + 5. Let g(w) be the second derivative of t(w). Determine g(6).
6
Let x(m) = -3*m**2 + 2*m - 1. Let q(t) = t**2. Let p(k) = q(k) - x(k). Let y(j) = j**2 - j. Let l(b) = -2*p(b) + 7*y(b). What is l(-4)?
-6
Let c(a) = 2*a - 4. Let q be (-6)/(-4)*10 + 3. S